 1111 (base 2) to base 11.
14
What is 234 (base 8) in base 9?
183
0 (base 2) to base 16
0
44 (base 5) to base 14
1a
Convert 1021 (base 3) to base 14.
26
31 (base 8) to base 2
11001
-14 (base 14) to base 4
-102
2 (base 16) to base 7
2
What is 12 (base 13) in base 12?
13
Convert -2a (base 16) to base 14.
-30
Convert -1 (base 12) to base 4.
-1
10000 (base 2) to base 3
121
What is -3 (base 5) in base 11?
-3
2 (base 12) to base 2
10
What is 12 (base 16) in base 15?
13
0 (base 16) to base 11
0
1 (base 11) to base 15
1
10010 (base 2) to base 6
30
What is 47 (base 12) in base 3?
2001
Convert f (base 16) to base 3.
120
What is -11002 (base 3) in base 11?
-a0
What is 3 (base 6) in base 15?
3
What is 3333 (base 4) in base 5?
2010
Convert 25 (base 9) to base 5.
43
Convert 5 (base 6) to base 13.
5
Convert 0 (base 14) to base 6.
0
Convert -21 (base 7) to base 2.
-1111
2043 (base 5) to base 10
273
Convert 6 (base 13) to base 5.
11
What is -3 (base 4) in base 9?
-3
What is -aa (base 14) in base 13?
-b7
What is 10 (base 3) in base 15?
3
Convert 321 (base 7) to base 13.
c6
What is -32 (base 7) in base 10?
-23
What is 7 (base 8) in base 14?
7
Convert -44 (base 5) to base 3.
-220
Convert -12 (base 12) to base 16.
-e
What is 24 (base 10) in base 3?
220
Convert 11 (base 4) to base 8.
5
What is 1 (base 6) in base 10?
1
Convert -214 (base 5) to base 9.
-65
What is 49 (base 15) in base 11?
63
7 (base 16) to base 6
11
What is -1143 (base 6) in base 7?
-546
Convert -40 (base 6) to base 14.
-1a
-11201 (base 3) to base 11
-106
What is -3 (base 5) in base 13?
-3
What is 16 (base 12) in base 3?
200
What is -b (base 14) in base 10?
-11
What is 23 (base 5) in base 11?
12
1101111 (base 2) to base 16
6f
What is -4 (base 7) in base 16?
-4
-1 (base 9) to base 3
-1
Convert -213 (base 5) to base 7.
-112
-95 (base 13) to base 2
-1111010
What is -34 (base 6) in base 13?
-19
-2 (base 4) to base 10
-2
-10 (base 9) to base 7
-12
What is -4 (base 14) in base 8?
-4
-26 (base 16) to base 9
-42
Convert 12 (base 4) to base 7.
6
What is -7 (base 16) in base 13?
-7
-1 (base 14) to base 3
-1
32 (base 8) to base 7
35
52 (base 7) to base 15
27
Convert 12 (base 12) to base 9.
15
What is 11 (base 2) in base 5?
3
-c (base 14) to base 3
-110
What is -10111 (base 2) in base 10?
-23
What is 13 (base 9) in base 3?
110
Convert 124 (base 5) to base 13.
30
Convert -235 (base 6) to base 14.
-6b
12 (base 4) to base 11
6
What is -5 (base 8) in base 10?
-5
Convert -5 (base 12) to base 7.
-5
Convert -10 (base 6) to base 10.
-6
Convert -8 (base 9) to base 6.
-12
What is -9 (base 13) in base 4?
-21
What is 6 (base 8) in base 6?
10
4 (base 11) to base 15
4
0 (base 2) to base 9
0
Convert -141 (base 9) to base 15.
-7d
What is -2a (base 11) in base 16?
-20
What is 4 (base 16) in base 14?
4
3 (base 16) to base 5
3
What is -f (base 16) in base 4?
-33
Convert -56 (base 7) to base 6.
-105
30 (base 15) to base 3
1200
-3 (base 9) to base 4
-3
273 (base 8) to base 12
137
Convert -3 (base 8) to base 14.
-3
Convert -23 (base 7) to base 15.
-12
1 (base 6) to base 10
1
-13 (base 4) to base 12
-7
Convert -31 (base 13) to base 11.
-37
Convert 1d (base 16) to base 11.
27
Convert -35 (base 10) to base 15.
-25
What is -5 (base 8) in base 9?
-5
What is -2 (base 4) in base 14?
-2
Convert 14 (base 9) to base 13.
10
-33 (base 7) to base 9
-26
Convert 2 (base 14) to base 11.
2
What is 50 (base 6) in base 16?
1e
Convert -3 (base 11) to base 7.
-3
What is 4 (base 12) in base 13?
4
Convert 15 (base 9) to base 10.
14
1033 (base 5) to base 14
a3
What is 7a (base 14) in base 11?
99
What is -12 (base 4) in base 13?
-6
-3 (base 11) to base 16
-3
What is -15 (base 11) in base 6?
-24
Convert -1121 (base 6) to base 12.
-1a1
What is -44 (base 12) in base 7?
-103
Convert -1215 (base 6) to base 5.
-2144
Convert -2a (base 16) to base 4.
-222
Convert -a6 (base 12) to base 9.
-150
Convert -14 (base 6) to base 7.
-13
Convert 0 (base 6) to base 10.
0
5 (base 13) to base 2
101
-7c (base 14) to base 16
-6e
Convert -2 (base 7) to base 16.
-2
a (base 14) to base 5
20
What is 4 (base 10) in base 5?
4
What is 0 (base 12) in base 7?
0
72 (base 9) to base 13
50
116 (base 9) to base 12
80
13 (base 5) to base 15
8
What is 1434 (base 5) in base 7?
466
8 (base 12) to base 4
20
Convert -132 (base 4) to base 15.
-20
What is -64 (base 10) in base 13?
-4c
-3 (base 7) to base 15
-3
-31 (base 13) to base 11
-37
Convert -112 (base 8) to base 15.
-4e
Convert 21 (base 5) to base 8.
13
What is 10 (base 13) in base 15?
d
Convert 60 (base 7) to base 11.
39
-46 (base 10) to base 15
-31
-23 (base 15) to base 2
-100001
-161 (base 8) to base 6
-305
Convert 100 (base 3) to base 5.
14
Convert 13 (base 5) to base 7.
11
-9 (base 11) to base 16
-9
b (base 14) to base 8
13
Convert -4 (base 5) to base 15.
-4
What is -15 (base 15) in base 3?
-202
Convert -25 (base 7) to base 8.
-23
7a (base 14) to base 9
130
-2 (base 10) to base 4
-2
Convert -1 (base 12) to base 11.
-1
184 (base 10) to base 14
d2
Convert -114 (base 9) to base 8.
-136
What is -8d (base 14) in base 4?
-1331
Convert 1 (base 16) to base 9.
1
-210 (base 3) to base 12
-19
Convert 3 (base 4) to base 6.
3
What is 2d (base 16) in base 5?
140
What is 133 (base 4) in base 12?
27
-442 (base 5) to base 15
-82
What is -1 (base 13) in base 7?
-1
Convert -10 (base 3) to base 14.
-3
-150 (base 13) to base 5
-1414
What is -8 (base 11) in base 7?
-11
-10 (base 13) to base 2
-1101
What is -1 (base 15) in base 6?
-1
What is -5 (base 9) in base 14?
-5
Convert 1112 (base 6) to base 16.
104
58 (base 14) to base 13
60
-1 (base 15) to base 4
-1
20 (base 16) to base 13
26
214 (base 9) to base 15
ba
21 (base 8) to base 5
32
-103 (base 4) to base 8
-23
451 (base 6) to base 3
20111
c (base 16) to base 9
13
-3 (base 11) to base 12
-3
What is -1001111 (base 2) in base 6?
-211
What is 1 (base 4) in base 3?
1
-21 (base 3) to base 6
-11
Convert 1 (base 2) to base 13.
1
8 (base 13) to base 7
11
Convert 5 (base 8) to base 9.
5
152 (base 7) to base 16
56
Convert 102 (base 4) to base 2.
10010
Convert -133 (base 4) to base 7.
-43
Convert 1 (base 12) to base 6.
1
Convert 100 (base 2) to base 4.
10
What is -34 (base 15) in base 11?
-45
1 (base 16) to base 8
1
10 (base 2) to base 16
2
What is -5 (base 14) in base 5?
-10
What is 0 (base 12) in base 13?
0
Convert -14 (base 12) to base 9.
-17
1 (base 6) to base 12
1
-14 (base 8) to base 3
-110
Convert 0 (base 6) to base 10.
0
What is -1 (base 4) in base 13?
-1
Convert -1 (base 9) to base 13.
-1
What is -1 (base 12) in base 15?
-1
What is 7 (base 9) in base 6?
11
12 (base 14) to base 8
20
What is -4 (base 9) in base 16?
-4
What is 209 (base 11) in base 6?
1055
What is b4 (base 12) in base 16?
88
What is 7 (base 13) in base 3?
21
What is 21 (base 7) in base 13?
12
1c (base 13) to base 5
100
What is -6 (base 7) in base 9?
-6
4 (base 16) to base 11
4
Convert -8 (base 12) to base 7.
-11
Convert 11 (base 2) to base 5.
3
d (base 16) to base 6
21
-1011 (base 4) to base 8
-105
What is 62 (base 13) in base 4?
1100
-ab (base 12) to base 7
-245
Convert 147 (base 8) to base 10.
103
110 (base 2) to base 10
6
Convert -aa (base 11) to base 13.
-93
3 (base 16) to base 14
3
31 (base 5) to base 4
100
40 (base 15) to base 3
2020
What is 10 (base 4) in base 10?
4
Convert -131 (base 5) to base 14.
-2d
141 (base 10) to base 11
119
What is -252 (base 6) in base 10?
-104
Convert 300 (base 8) to base 9.
233
Convert -21001 (base 3) to base 8.
-276
What is -15 (base 9) in base 4?
-32
-1112 (base 5) to base 16
-9d
What is -ba (base 16) in base 2?
-10111010
-85 (base 9) to base 5
-302
What is 2 (base 5) in base 3?
2
-42 (base 9) to base 14
-2a
2 (base 11) to base 12
2
What is 1 (base 11) in base 14?
1
Convert -44 (base 5) to base 13.
-1b
-17 (base 13) to base 5
-40
Convert 1 (base 10) to base 9.
1
1011 (base 4) to base 8
105
-65 (base 10) to base 4
-1001
-7 (base 14) to base 12
-7
-1 (base 4) to base 16
-1
What is 102 (base 6) in base 3?
1102
-20 (base 6) to base 8
-14
-51 (base 10) to base 3
-1220
161 (base 7) to base 9
112
Convert 1 (base 3) to base 9.
1
Convert 0 (base 9) to base 14.
0
Convert -1001010 (base 2) to base 12.
-62
What is 1001 (base 2) in base 12?
9
-210 (base 12) to base 10
-300
Convert -21 (base 4) to base 10.
-9
Convert 33 (b